t of v(-4)?
2
Let l(p) = p**3 + 8*p**2 + 3*p + 6. What is the tens digit of l(-7)?
3
Let n be (-2 + 2)/(-1) + -1. Let a be n*(-12)/1*1. What is the units digit of (-10)/(-3) + 8/a?
4
Let n = 17 - -8. What is the tens digit of n?
2
Let h(k) = k**3 + 2*k**2 - k + 1. Let s be (-6)/9*-1*3. What is the tens digit of h(s)?
1
Let t = -96 - -167. Suppose -o = -2*l + t, -3*l + l - 3*o = -75. What is the tens digit of l?
3
Let d(h) = 5*h**2 - 6*h + 2. What is the units digit of d(3)?
9
Let n be (9/(-15))/(1/(-5)). Suppose -36 = n*k - 6*k. What is the tens digit of k?
1
Let h(j) = 3*j**2 + 1. Let y be h(1). Suppose -5*k = y*p - 119, p + 30 = k - 1. Let r = k - 14. What is the tens digit of r?
1
Let r be (46/2)/(2 - 3). Let x = r - -45. What is the units digit of x?
2
What is the tens digit of 606/10 - 4/(-10)?
6
Let h = 7 - 1. Let d = h - 1. Let o(l) = -l**3 + 4*l**2 + 6*l. What is the units digit of o(d)?
5
Let a = 5 - 3. What is the units digit of ((-5)/2)/(a/(-4))?
5
Let i(r) = r**3 + 2. Let j be i(0). What is the units digit of 7/(j/12*3)?
4
Let b be 5/(-25) - (-21)/5. Let l = 4 - b. Suppose l*t - 35 = -5*t. What is the units digit of t?
7
Let q(d) = 4*d**2 - d - 2. Let f be q(2). Suppose 0 = v + 2*v - f. Suppose -3*c + 42 = 3*b, -v*b - 26 = -5*c - 91. What is the units digit of b?
5
Let g(q) = 2*q**2 + 2*q. Let i be g(-2). Suppose 0 = i*l - l + c - 16, 2 = l + c. What is the units digit of l?
7
Let y be (-3)/9 - 16/(-3). Suppose 2*m + 5*c + 34 = 0, -4*c - 59 + 3 = 4*m. Let j = y - m. What is the units digit of j?
7
Suppose -4*h + 13 = p - 9, 4*h - 5*p = 10. Suppose -h*o + 123 - 33 = 0. Suppose 3*g - g - o = 0. What is the units digit of g?
9
Let z be ((-1)/3)/((-1)/(-3)). Let r(v) = -3*v + 2*v**2 + 2*v**2 + 3*v. What is the units digit of r(z)?
4
Let a = 13 + -1. Suppose 14 = -z - m - 4*m, -3*m - a = 0. What is the units digit of z?
6
Let f(i) = -i**2 + 25*i - 4. What is the tens digit of f(17)?
3
Suppose -2*n - 8 = 3*q - 4*q, -4*n = -20. Let x = 37 - q. What is the units digit of x?
9
Suppose 10 = 3*u - 2*u. Let w = u - 7. What is the units digit of w?
3
Suppose -632 = -2*t - 4*m, 5*t - m = 391 + 1156. What is the units digit of t?
0
Suppose 0*p = -2*p - 4*v + 22, 3*p - 2*v - 1 = 0. What is the units digit of 216/9*2/p?
6
Suppose -150 - 298 = -4*x. What is the units digit of x?
2
Let v = 4 - -1. What is the units digit of v?
5
Suppose -s - 2 = 0, i + 0*i - 27 = -3*s. What is the tens digit of i?
3
Suppose -3*z + 8 = -g, -4*z - 3*g + 7*g + 8 = 0. What is the units digit of 8/z*(-3)/(-2)?
4
Suppose -n + 121 = 14. What is the tens digit of n?
0
Let r be ((-2)/(-4))/((-2)/(-12)). Let p be 4/(-4) + (10 - -1). What is the tens digit of 0 + (p + r - 0)?
1
What is the units digit of (-159)/(-6) + 1/2?
7
Let l = 11 - -9. What is the tens digit of l?
2
Let x be 20/9 + 30/(-135). Suppose x*t + t - 15 = 3*q, 15 = -t + 5*q. What is the units digit of t?
0
Suppose -2*p + 180 = p - 3*y, -5*p + 296 = -y. What is the tens digit of p?
5
Let d(c) = -98*c**3 - 2*c**2 + 2*c + 3. What is the units digit of d(-1)?
7
Suppose 60 = -4*g - 0*g - 2*r, 5*g + 72 = -r. Let l = -9 - g. Suppose 15 = l*k - 25. What is the units digit of k?
8
Let a(i) = -2*i + 1. Let d be a(1). Let g be -14 + d + 0/2. What is the units digit of (16/(-6))/(10/g)?
4
Let s(a) = 11*a**2 + 1. What is the tens digit of s(-1)?
1
Suppose -c - 77 - 3 = 5*l, -4*l + 5*c - 35 = 0. What is the units digit of (l + 0)*(-28)/21?
0
Let q(c) = -c**2 + 6*c - 6. Suppose -15 = -2*n - 3*m - 1, -5*m = 5*n - 30. Let p be q(n). Suppose p*s = 4 - 0. What is the units digit of s?
2
Let s(q) = q**3 - 2*q**2 + 2*q - 1. Suppose -5*g = 2*k - 13, -5*g = -3*g - k + 2. Let z be s(g). What is the units digit of (-3 - z)/(3/(-8))?
8
Suppose -5*c + 0*l - 4*l = -120, -2*c - 2*l + 48 = 0. What is the tens digit of c?
2
Suppose -1 = -s + 2. Suppose 0 = w - 2 - s. Let a(f) = 2*f - 2. What is the units digit of a(w)?
8
Let j = -16 - -9. What is the tens digit of (j - 5)/((-4)/6)?
1
Let q be (2/(-1) - -17) + 0. Suppose 4*d = 61 + q. What is the tens digit of d?
1
Let h be -5 - (8 - (1 - -3)). Let d = 3 - h. What is the units digit of d?
2
Let u(f) be the second derivative of f**5/20 + f**4 - f**3/2 - 6*f**2 + 5*f. What is the units digit of u(-12)?
4
Suppose -n = -108 - 138. What is the units digit of n/36 - (-1)/6?
7
What is the units digit of (-43 - -7)/(6/(-9))?
4
Suppose 598 = 2*x + 4*g - 0, 0 = 2*g + 4. What is the hundreds digit of x?
3
Suppose b + 2*m = 9, m + 3*m = 5*b - 17. Suppose -p - 4 = 3*p, 0 = a - 5*p - b. Let f(h) = -h**3 - h**2 + h + 13. What is the units digit of f(a)?
3
Let f(l) = 2*l. Let k be f(-1). Let w be 70/12 - k/12. Let s = 23 - w. What is the tens digit of s?
1
Let w = 35 + 63. What is the units digit of w?
8
Let m(v) = v + 8. Let i be m(-6). Suppose 5*t = -10, t + 3*t = -i*a + 2. Suppose 18 = 2*d - 4*h, -h = d + h - a. What is the units digit of d?
7
Suppose -6 + 0 = -3*m. Suppose -3*a + 2*s = -25, 0 = -s + m*s + 5. What is the units digit of a?
5
Let g = -17 + 8. Let j = -8 - g. What is the units digit of j?
1
Let p(b) = 2*b**2 + 3*b + 1. Let k(r) = -r**2 - 2*r - 1. Let i(q) = 3*k(q) + 2*p(q). What is the units digit of i(2)?
3
Suppose 5*n - 5*f - 116 = -2*f, -2*f = -4*n + 94. Suppose 4*j - 44 = 16. Let d = n - j. What is the units digit of d?
0
Let g be 2/(-2) - 9/1. Let s = g + 19. What is the units digit of s?
9
Let v(w) = w**3 + 8*w**2 + 5*w - 2. Let s(k) = -k**3 + 8*k**2 - 7*k - 7. Let o be s(7). What is the tens digit of v(o)?
1
Let r = 10 - -27. Let o = -5 + r. What is the tens digit of o?
3
What is the units digit of -2 + (9 - (-20)/(-5))?
3
Let n = 533 - 303. What is the hundreds digit of n?
2
Suppose 4*j = 10 + 6. Suppose -v + 9 = 3*y, 11 = -v + j*y + 34. Suppose 6*b = 3*b + v. What is the units digit of b?
5
Let m be -7*(0 - 1)*1. Let h = -4 + m. Suppose -4*y = -h*y - 4. What is the units digit of y?
4
Suppose 2*g = -5*o + 4 + 6, -2*g + 2 = o. Suppose -4 = -o*i, -t + 5*i + 4 = 15. What is the units digit of 1/(18/15 + t)?
5
Suppose -5*u = -10*u + 395. What is the units digit of u?
9
Let h(a) = a**2 - 3*a + 4. Let w be h(6). Let t = w + -8. What is the units digit of t?
4
Let l be 2/(-4) - (-5)/2. Suppose -5*c + 0*w = 5*w - 40, 0 = l*c - w - 7. What is the units digit of c?
5
Let z(d) be the second derivative of 2*d**3/3 + 2*d**2 + d. Let g be z(-3). Let u = 0 - g. What is the units digit of u?
8
Let d = -7 - -5. Let b = d + 5. Suppose 0 = -b*t - 0*t + 42. What is the units digit of t?
4
Let c = -16 - -19. Suppose 5*b - 97 = 4*s, c*s - s + 17 = b. What is the tens digit of b?
2
Suppose 4*o - 52 - 66 = 2*q, -3*q = -5*o + 148. What is the units digit of o?
9
Let u = -3 + 96. Let p = u + -48. What is the units digit of p?
5
Suppose -5*i = -3*g + 32, 0 = -4*g + 2*i - 3*i + 12. Let b = 5 - 0. Suppose -r + g*c = c - 1, -b*c = 0. What is the units digit of r?
1
Suppose u - 7*d = -2*d - 21, -2*u + 4*d - 18 = 0. What is the units digit of 1 + (4 - (0 - u))?
4
Let z(u) = -u**3 - 7*u**2 - 2*u - 4. Let s be z(-6). Let o be (s/8)/(2/8). Let v = o - -20. What is the units digit of v?
6
Let r(m) = m + 9. Suppose -5*h = -5*o, 4*o = -5*h - o + 30. Suppose -n = h*n + 5*g + 32, -5*g = 0. What is the units digit of r(n)?
1
Let d(q) = -2*q - 2. Suppose -6*z = -2*z - 48. Suppose 2*a + a = -z. What is the units digit of d(a)?
6
Let y = -9 - -3. What is the tens digit of (-5 - 1)/(y/27)?
2
Let i(u) = u + 2. Let d be i(3). Suppose -5*a + 55 - d = 0. What is the units digit of a?
0
Let m(d) = -d**2 - 5*d + 1. Let v be m(-5). Suppose 3*b + 22 = v. What is the units digit of b/(-3) + 4/6?
3
What is the units digit of ((-4)/1)/((-4)/46)?
6
Let z(l) be the first derivative of -1 - 1/3*l**3 + l - 5*l**2. What is the tens digit of z(-9)?
1
Let i(a) = -a**3 - 2*a**2 + 6*a - 13. What is the tens digit of i(-6)?
9
Let b be (-5)/((-3 + 2)/2). Suppose -12*h + 66 = -b*h. What is the tens digit of h?
3
Suppose -2*m - 11 = -d - 3*m, 43 = 3*d + m. What is the tens digit of d?
1
Suppose 2*x = -25 - 3. Let d(q) = q**2 + 13*q - 4. What is the units digit of d(x)?
0
Suppose 4*v + 3*l = 133, 4*l - 104 = -5*v + 61. What is the tens digit of v?
3
Suppose -5*n - 4*u = -64, 0 = 4*u + 1 - 5. Let c = 1 + n. What is the tens digit of c?
1
What is th